e 3 = -k + 38. Calculate the highest common divisor of k and y.
7
Let b(q) = q + 1. Let t be b(-3). Let d be (-97)/(-3) + t/6. Suppose d = 3*f + 5. What is the greatest common divisor of 1 and f?
1
Suppose 4 - 16 = -3*x. What is the highest common divisor of 10 and x?
2
Suppose -k = -5*k - 96. Let r = k + 44. Let d = 29 + -25. What is the greatest common divisor of d and r?
4
Let n be (84/8)/7*4. What is the greatest common factor of 6 and n?
6
Suppose 5*x = 3*x + 38. Suppose -5*g - 1 = -2*a, 2*g - 50 = 5*a - 0*g. Let d = x + a. What is the greatest common divisor of 56 and d?
7
Let v = 19 - -15. Let g = -195 + 280. Calculate the greatest common factor of g and v.
17
Let o be (-18)/63 + (-16)/(-7). Suppose -o*c - d = -84, c - 5*d + 8 = 28. What is the greatest common divisor of 10 and c?
10
Suppose -2*p + 6 = 0, 0*b + 19 = b + 5*p. Suppose 4 = -2*k + b*k. What is the greatest common factor of k and 22?
2
Let p = 44 - -83. Suppose -5*i = 3*w - 223, 0 = -2*w + 5*i - 4*i + p. Calculate the greatest common divisor of w and 6.
6
Suppose -3*j + 10 = 2*j. Let n be (-2)/4*(j - 12). Suppose -r + 14 = -l, -l + 84 = n*r + l. Calculate the greatest common factor of r and 8.
8
Suppose 35 = -5*f - 5*h, 0 = 2*f - 4*h + 3*h + 2. Let s = -3 - f. Let y = 1 - s. What is the highest common divisor of y and 2?
1
Let c(h) = h**2 - 5*h. Let x be c(7). Calculate the highest common divisor of 21 and x.
7
Let u(x) = -x + 3. Let v be u(-4). Let m(d) be the second derivative of d**3/6 + 7*d**2/2 - d. Let j be m(v). Calculate the highest common divisor of 7 and j.
7
Suppose 0 = 10*r - 4*r - 36. What is the highest common factor of r and 174?
6
Let x(h) = -h**2 - 4*h + 5. Let u be x(-4). Suppose 0 = 9*m - u*m - 24. Calculate the highest common divisor of m and 42.
6
Let k = 24 - 16. What is the highest common factor of k and 24?
8
Let k(q) = 2*q**3 - 2 + 4*q + 2*q**3 - 2*q + 2*q**2. Let r be k(3). What is the highest common factor of r and 13?
13
Suppose 0 = z - 3*q - 15, -4*q - q + 9 = 4*z. Suppose -10 - z = -4*i. Let h be 81/(-18)*i/(-3). Calculate the greatest common divisor of 66 and h.
6
Let f be (-14)/(-63) + (-16)/(-9). Suppose -f*l + 2 + 2 = 0. Suppose 0*g + 6 = l*g. What is the highest common divisor of 24 and g?
3
Suppose b = 0, u - 3*b - 1 = 5. Suppose -3*j = -5*c + 24, -u*c + c + 34 = 2*j. Calculate the greatest common factor of c and 15.
3
Suppose 0*w + 114 = w. Let n be (-2)/3 - 494/(-3). Let g = n - w. What is the greatest common factor of g and 20?
10
Let n be 23/(-2) - (-4)/(-8). Let h be (1 + 2)*(-56)/n. Suppose -479 = -4*o + 5*t, 0 = 4*o - 3*o + 2*t - 136. Calculate the greatest common factor of o and h.
14
Let l(u) = 3*u + 16. Let q be l(-4). What is the highest common factor of q and 20?
4
Let r(x) = 8*x + x**2 + 0*x + 0 + 1. Let k be r(-8). Suppose o - 4*h = 21, -9 = 2*h - 3. What is the highest common factor of k and o?
1
Let w(g) = -5*g + 2*g + 1 + 1 - 3. Let j be w(3). Let p = 6 - j. Calculate the greatest common factor of p and 4.
4
Let i = -3 + 7. Suppose 4*p = -4*t + 6*t - i, 5*p = -4*t + 60. Calculate the greatest common factor of 2 and t.
2
Suppose 0 = -2*p - 1 + 19. Suppose -4*n = -4*j - 6*n + 22, 2*n = 3*j + 1. Let s be (j - 1) + 1 + 6. Calculate the greatest common factor of s and p.
9
Let v = -11 - -20. Calculate the highest common divisor of v and 9.
9
Let w(y) = 34*y + 3. Let a(b) = -b**2 - 3*b - 2. Let m be a(-3). Let v be w(m). Let o be 1/3*(-2 - v). Calculate the highest common divisor of o and 21.
21
Let q = 18 + 102. What is the greatest common factor of q and 15?
15
Suppose -h - 4*y + 12 = 0, 3*h + 5*y = 5*h - 76. What is the highest common divisor of 42 and h?
14
Suppose 49 - 4 = 5*x. Let y be 2/(-3) - (-582)/x. Suppose -5*b - 5 = -45. What is the greatest common factor of b and y?
8
Let p(f) = -61*f - 18. Let k be p(-2). Calculate the highest common factor of 260 and k.
52
Let v = 5 + 53. What is the greatest common factor of 29 and v?
29
Suppose 0 = -4*q - o + 19 + 21, q + 5*o = 10. Suppose 5 + 10 = h. What is the highest common divisor of h and q?
5
Let i = 16 - 9. Let q = 14 - -3. Let z = q + 4. Calculate the greatest common factor of i and z.
7
Let s be 31 + (-1)/(-1)*-3. Let w = -12 - -16. What is the highest common divisor of w and s?
4
Let q = 43 - -11. Suppose -l = l + i - q, -2*l + 2*i = -66. Suppose 26 = x - l. What is the highest common factor of x and 5?
5
Suppose -2*h + 49 - 3 = -i, -94 = -4*h + 3*i. Let d = -7 + h. What is the greatest common divisor of 5 and d?
5
Let c be (24/(-7))/(-4 - (-246)/63). Calculate the highest common divisor of c and 6.
6
Suppose 6*t - 11*t + 5 = 0. Calculate the highest common factor of 2 and t.
1
Let d be (-2)/1 + (16 - 0). Let k be 14/((-24)/12*1/(-2)). What is the greatest common divisor of k and d?
14
Let n be -2*(1 - -5)/3 - -9. Calculate the greatest common divisor of n and 20.
5
Let h = -25 + 36. Suppose 0*b + b = 72. Suppose -4*r + b + 104 = 0. What is the greatest common factor of h and r?
11
Let f(a) = -a**2 - 29*a - 63. Let w be f(-26). What is the greatest common divisor of 15 and w?
15
Let d(y) = 17*y - 7. Let g be d(7). Suppose -m + 4*r + 3 = -3, 3*m - 5*r - 11 = 0. Suppose 3*j = -m*j + 70. Calculate the highest common factor of g and j.
14
Let j(y) be the third derivative of 3*y**4/4 + 13*y**3/6 - 8*y**2. Let n be j(6). What is the greatest common factor of 11 and n?
11
Let t be (3/1)/(-3*2/(-4)). Let m = -4 - -22. What is the highest common divisor of m and t?
2
Let i(o) = 2*o**2 - 2*o. Let j be i(2). Suppose 4*q - 5 = -25, -q = 3*p - 49. Suppose 3*n - j*n = -p. Calculate the highest common divisor of 12 and n.
6
Suppose 0 = -3*f - 2*n + 285, 0*n = 5*f - 3*n - 475. Calculate the greatest common factor of 19 and f.
19
Suppose 2*l - 7*l = -385. Suppose -5*b - 70 = -5*d, -3*d + 4*b - 3*b + 36 = 0. What is the greatest common divisor of l and d?
11
Suppose 5*d - 19 = 1. Let g(x) = -2*x + 18. Let j be g(9). Suppose 3*u - q - 57 = 2*q, j = -d*q - 12. Calculate the greatest common factor of u and 16.
16
Let m(x) = 2*x**2 - 11*x - 9. Let h be m(-9). Let a(t) = 0*t - 5 - 8 + 11 + 3*t. Let k be a(10). What is the highest common factor of h and k?
28
Suppose 4*d - 2*t - 260 = 186, 3*d - 342 = 4*t. What is the highest common factor of d and 10?
10
Let t = -26 + 41. Let m be (-1)/(2/260) + 1. Let c = 249 + m. Calculate the greatest common divisor of t and c.
15
Suppose -4*r - 26 = 3*d, -r + 4*d = -0*r + 16. Let a be -10*2/r*2. What is the highest common factor of a and 35?
5
Let u be (44/12)/(1/(3 + 0)). What is the highest common factor of 33 and u?
11
Let g be 8/3 + 2/6. Suppose -d = -5*a - 130, 0*d = d - g*a - 120. Let b = 147 - d. Calculate the highest common factor of b and 28.
14
Suppose -51 = -5*d + 4*x + 63, -32 = -2*d + 5*x. Suppose -2*u + d = u - 5*c, -u - 4*c = -20. Calculate the greatest common factor of u and 84.
12
Suppose 0*s = 2*k - s + 1, -5*s + 18 = 3*k. What is the greatest common factor of 8 and k?
1
Suppose 5*q - 7 = -a, 5*q - 5 = -a + 2*q. What is the highest common factor of 1 and a?
1
Let v be (-147)/(-8) - (-6)/(-16). Calculate the greatest common divisor of v and 36.
18
Let y(q) = -18*q**3 + q**2 + q + 2. Let n be y(-1). Calculate the highest common factor of 100 and n.
20
Let f be ((-8)/4 - 1 - -2)*-21. What is the highest common divisor of f and 7?
7
Let w(p) = -p**3 - 6*p**2 + 3. Let j be w(-6). Suppose -j*l - 135 + 333 = 0. Calculate the highest common divisor of l and 6.
6
Suppose -5*q + 3*k = 14, -5*q - 3*k + 4 + 0 = 0. Let y = q - -3. Suppose 4*s - 40 = y*s. What is the greatest common factor of 10 and s?
10
Let v be (-168)/(-5) + 6/15. Let o(i) = 5*i**2 - 5*i - 4. Let p be o(4). Let c = p - v. Calculate the highest common divisor of c and 33.
11
Suppose 0 = -10*j + 4*j + 420. What is the highest common factor of j and 10?
10
Suppose -5*b - 60 = -5*t, -5*b + 0*b - 6 = t. Let r(m) = -m**3 - 2*m**2 - m + 1. Let w be r(-2). What is the greatest common divisor of w and t?
3
Let a be (3/6)/(1/(-46)). Let y = a + 38. What is the highest common factor of 10 and y?
5
Let v be ((-60)/16 + 0)/((-2)/24). What is the highest common divisor of v and 5?
5
Let g(t) = -2*t - 5. Let p be g(-3). Suppose 2*q + 4 = 14. Calculate the highest common factor of q and p.